{"id":893,"date":"2020-04-18T00:59:36","date_gmt":"2020-04-17T22:59:36","guid":{"rendered":"https:\/\/cyrildosnon.com\/?page_id=893"},"modified":"2022-02-07T10:26:57","modified_gmt":"2022-02-07T09:26:57","slug":"about","status":"publish","type":"page","link":"https:\/\/www.cyrildosnon.com\/fr\/about\/","title":{"rendered":"\u00c0 propos"},"content":{"rendered":"<p>Cyril Dosnon est un illustrateur, graphiste et directeur artistique fran\u00e7ais.<\/p>\n<p>Dipl\u00f4m\u00e9 de l&rsquo;\u00c9cole Estienne et Olivier de Serres, il lance son studio en 2016, fort d&rsquo;une exp\u00e9rience de plusieurs ann\u00e9es en agence de publicit\u00e9 et nourri par l&rsquo;envie de d\u00e9velopper son\u00a0travail de designer graphique.<\/p>\n<p>Plusieurs fois prim\u00e9 au Club des Directeurs Artistiques, il est passionn\u00e9 par le dessin de\u00a0caract\u00e8re manuscrit, l&rsquo;illustration, le logo et l&rsquo;animation.<\/p>\n<p>Cyril Dosnon fonde <a href=\"https:\/\/www.aparte-studio.fr\/\" target=\"_blank\" rel=\"noopener\">Apart\u00e9<\/a> en 2022, un studio de design graphique sp\u00e9cialis\u00e9 en cr\u00e9ation d&rsquo;identit\u00e9s visuelles.<\/p>\n","protected":false},"excerpt":{"rendered":"<p>Cyril Dosnon est un illustrateur, graphiste et directeur artistique fran\u00e7ais. Dipl\u00f4m\u00e9 de l&rsquo;\u00c9cole Estienne et Olivier de Serres, il lance son studio en 2016, fort d&rsquo;une exp\u00e9rience de plusieurs ann\u00e9es en agence de publicit\u00e9 et nourri par l&rsquo;envie de d\u00e9velopper son\u00a0travail de designer graphique. Plusieurs fois prim\u00e9 au Club des Directeurs Artistiques, il est passionn\u00e9 [&hellip;]<\/p>\n","protected":false},"author":1,"featured_media":970,"parent":0,"menu_order":0,"comment_status":"closed","ping_status":"closed","template":"","meta":[],"acf":[],"yoast_head":"<!-- This site is optimized with the Yoast SEO plugin v20.5 - https:\/\/yoast.com\/wordpress\/plugins\/seo\/ -->\n<title>\u00c0 propos<\/title>\n<meta name=\"description\" content=\"Pr\u00e9sentation de Cyril Dosnon, graphiste et illustrateur fran\u00e7ais.\" \/>\n<meta name=\"robots\" content=\"index, follow, max-snippet:-1, max-image-preview:large, max-video-preview:-1\" \/>\n<link rel=\"canonical\" href=\"https:\/\/www.cyrildosnon.com\/fr\/about\/\" \/>\n<meta property=\"og:locale\" content=\"fr_FR\" \/>\n<meta property=\"og:type\" content=\"article\" \/>\n<meta property=\"og:title\" content=\"\u00c0 propos\" \/>\n<meta property=\"og:description\" content=\"Pr\u00e9sentation de Cyril Dosnon, graphiste et illustrateur fran\u00e7ais.\" \/>\n<meta property=\"og:url\" content=\"https:\/\/www.cyrildosnon.com\/fr\/about\/\" \/>\n<meta property=\"article:modified_time\" content=\"2022-02-07T09:26:57+00:00\" \/>\n<meta property=\"og:image\" content=\"https:\/\/www.cyrildosnon.com\/wp-content\/uploads\/2022\/02\/Autoportrait-Site.png\" \/>\n\t<meta property=\"og:image:width\" content=\"766\" \/>\n\t<meta property=\"og:image:height\" content=\"1096\" \/>\n\t<meta property=\"og:image:type\" content=\"image\/png\" \/>\n<meta name=\"twitter:card\" content=\"summary_large_image\" \/>\n<script type=\"application\/ld+json\" class=\"yoast-schema-graph\">{\"@context\":\"https:\/\/schema.org\",\"@graph\":[{\"@type\":\"WebPage\",\"@id\":\"https:\/\/www.cyrildosnon.com\/fr\/about\/\",\"url\":\"https:\/\/www.cyrildosnon.com\/fr\/about\/\",\"name\":\"\u00c0 propos\",\"isPartOf\":{\"@id\":\"https:\/\/www.cyrildosnon.com\/#website\"},\"datePublished\":\"2020-04-17T22:59:36+00:00\",\"dateModified\":\"2022-02-07T09:26:57+00:00\",\"description\":\"Pr\u00e9sentation de Cyril Dosnon, graphiste et illustrateur fran\u00e7ais.\",\"breadcrumb\":{\"@id\":\"https:\/\/www.cyrildosnon.com\/fr\/about\/#breadcrumb\"},\"inLanguage\":\"fr-FR\",\"potentialAction\":[{\"@type\":\"ReadAction\",\"target\":[\"https:\/\/www.cyrildosnon.com\/fr\/about\/\"]}]},{\"@type\":\"BreadcrumbList\",\"@id\":\"https:\/\/www.cyrildosnon.com\/fr\/about\/#breadcrumb\",\"itemListElement\":[{\"@type\":\"ListItem\",\"position\":1,\"name\":\"Home\",\"item\":\"https:\/\/www.cyrildosnon.com\/fr\/\"},{\"@type\":\"ListItem\",\"position\":2,\"name\":\"\u00c0 propos\"}]},{\"@type\":\"WebSite\",\"@id\":\"https:\/\/www.cyrildosnon.com\/#website\",\"url\":\"https:\/\/www.cyrildosnon.com\/\",\"name\":\"\",\"description\":\"\",\"potentialAction\":[{\"@type\":\"SearchAction\",\"target\":{\"@type\":\"EntryPoint\",\"urlTemplate\":\"https:\/\/www.cyrildosnon.com\/?s={search_term_string}\"},\"query-input\":\"required name=search_term_string\"}],\"inLanguage\":\"fr-FR\"}]}<\/script>\n<!-- \/ Yoast SEO plugin. -->","yoast_head_json":{"title":"\u00c0 propos","description":"Pr\u00e9sentation de Cyril Dosnon, graphiste et illustrateur fran\u00e7ais.","robots":{"index":"index","follow":"follow","max-snippet":"max-snippet:-1","max-image-preview":"max-image-preview:large","max-video-preview":"max-video-preview:-1"},"canonical":"https:\/\/www.cyrildosnon.com\/fr\/about\/","og_locale":"fr_FR","og_type":"article","og_title":"\u00c0 propos","og_description":"Pr\u00e9sentation de Cyril Dosnon, graphiste et illustrateur fran\u00e7ais.","og_url":"https:\/\/www.cyrildosnon.com\/fr\/about\/","article_modified_time":"2022-02-07T09:26:57+00:00","og_image":[{"width":766,"height":1096,"url":"https:\/\/www.cyrildosnon.com\/wp-content\/uploads\/2022\/02\/Autoportrait-Site.png","type":"image\/png"}],"twitter_card":"summary_large_image","schema":{"@context":"https:\/\/schema.org","@graph":[{"@type":"WebPage","@id":"https:\/\/www.cyrildosnon.com\/fr\/about\/","url":"https:\/\/www.cyrildosnon.com\/fr\/about\/","name":"\u00c0 propos","isPartOf":{"@id":"https:\/\/www.cyrildosnon.com\/#website"},"datePublished":"2020-04-17T22:59:36+00:00","dateModified":"2022-02-07T09:26:57+00:00","description":"Pr\u00e9sentation de Cyril Dosnon, graphiste et illustrateur fran\u00e7ais.","breadcrumb":{"@id":"https:\/\/www.cyrildosnon.com\/fr\/about\/#breadcrumb"},"inLanguage":"fr-FR","potentialAction":[{"@type":"ReadAction","target":["https:\/\/www.cyrildosnon.com\/fr\/about\/"]}]},{"@type":"BreadcrumbList","@id":"https:\/\/www.cyrildosnon.com\/fr\/about\/#breadcrumb","itemListElement":[{"@type":"ListItem","position":1,"name":"Home","item":"https:\/\/www.cyrildosnon.com\/fr\/"},{"@type":"ListItem","position":2,"name":"\u00c0 propos"}]},{"@type":"WebSite","@id":"https:\/\/www.cyrildosnon.com\/#website","url":"https:\/\/www.cyrildosnon.com\/","name":"","description":"","potentialAction":[{"@type":"SearchAction","target":{"@type":"EntryPoint","urlTemplate":"https:\/\/www.cyrildosnon.com\/?s={search_term_string}"},"query-input":"required name=search_term_string"}],"inLanguage":"fr-FR"}]}},"_links":{"self":[{"href":"https:\/\/www.cyrildosnon.com\/fr\/wp-json\/wp\/v2\/pages\/893"}],"collection":[{"href":"https:\/\/www.cyrildosnon.com\/fr\/wp-json\/wp\/v2\/pages"}],"about":[{"href":"https:\/\/www.cyrildosnon.com\/fr\/wp-json\/wp\/v2\/types\/page"}],"author":[{"embeddable":true,"href":"https:\/\/www.cyrildosnon.com\/fr\/wp-json\/wp\/v2\/users\/1"}],"replies":[{"embeddable":true,"href":"https:\/\/www.cyrildosnon.com\/fr\/wp-json\/wp\/v2\/comments?post=893"}],"version-history":[{"count":3,"href":"https:\/\/www.cyrildosnon.com\/fr\/wp-json\/wp\/v2\/pages\/893\/revisions"}],"predecessor-version":[{"id":1747,"href":"https:\/\/www.cyrildosnon.com\/fr\/wp-json\/wp\/v2\/pages\/893\/revisions\/1747"}],"wp:featuredmedia":[{"embeddable":true,"href":"https:\/\/www.cyrildosnon.com\/fr\/wp-json\/wp\/v2\/media\/970"}],"wp:attachment":[{"href":"https:\/\/www.cyrildosnon.com\/fr\/wp-json\/wp\/v2\/media?parent=893"}],"curies":[{"name":"wp","href":"https:\/\/api.w.org\/{rel}","templated":true}]}}

À propos

<p>Cyril Dosnon est un illustrateur, graphiste et directeur artistique français.</p>
<p>Diplômé de l&rsquo;École Estienne et Olivier de Serres, il lance son studio en 2016, fort d&rsquo;une expérience de plusieurs années en agence de publicité et nourri par l&rsquo;envie de développer son travail de designer graphique.</p>
<p>Plusieurs fois primé au Club des Directeurs Artistiques, il est passionné par le dessin de caractère manuscrit, l&rsquo;illustration, le logo et l&rsquo;animation.</p>
<p>Cyril Dosnon fonde <a href="https://www.aparte-studio.fr/" target="_blank" rel="noopener">Aparté</a> en 2022, un studio de design graphique spécialisé en création d&rsquo;identités visuelles.</p>

<p>Cyril Dosnon est un illustrateur, graphiste et directeur artistique français. Diplômé de l&rsquo;École Estienne et Olivier de Serres, il lance son studio en 2016, fort d&rsquo;une expérience de plusieurs années en agence de publicité et nourri par l&rsquo;envie de développer son travail de designer graphique. Plusieurs fois primé au Club des Directeurs Artistiques, il est passionné [&hellip;]</p>

<!-- This site is optimized with the Yoast SEO plugin v20.5 - https://yoast.com/wordpress/plugins/seo/ -->
<title>À propos</title>
<meta name="description" content="Présentation de Cyril Dosnon, graphiste et illustrateur français." />
<meta name="robots" content="index, follow, max-snippet:-1, max-image-preview:large, max-video-preview:-1" />
<link rel="canonical" href="https://www.cyrildosnon.com/fr/about/" />
<meta property="og:locale" content="fr_FR" />
<meta property="og:type" content="article" />
<meta property="og:title" content="À propos" />
<meta property="og:description" content="Présentation de Cyril Dosnon, graphiste et illustrateur français." />
<meta property="og:url" content="https://www.cyrildosnon.com/fr/about/" />
<meta property="article:modified_time" content="2022-02-07T09:26:57+00:00" />
<meta property="og:image" content="https://www.cyrildosnon.com/wp-content/uploads/2022/02/Autoportrait-Site.png" />
	<meta property="og:image:width" content="766" />
	<meta property="og:image:height" content="1096" />
	<meta property="og:image:type" content="image/png" />
<meta name="twitter:card" content="summary_large_image" />
<script type="application/ld+json" class="yoast-schema-graph">{"@context":"https://schema.org","@graph":[{"@type":"WebPage","@id":"https://www.cyrildosnon.com/fr/about/","url":"https://www.cyrildosnon.com/fr/about/","name":"À propos","isPartOf":{"@id":"https://www.cyrildosnon.com/#website"},"datePublished":"2020-04-17T22:59:36+00:00","dateModified":"2022-02-07T09:26:57+00:00","description":"Présentation de Cyril Dosnon, graphiste et illustrateur français.","breadcrumb":{"@id":"https://www.cyrildosnon.com/fr/about/#breadcrumb"},"inLanguage":"fr-FR","potentialAction":[{"@type":"ReadAction","target":["https://www.cyrildosnon.com/fr/about/"]}]},{"@type":"BreadcrumbList","@id":"https://www.cyrildosnon.com/fr/about/#breadcrumb","itemListElement":[{"@type":"ListItem","position":1,"name":"Home","item":"https://www.cyrildosnon.com/fr/"},{"@type":"ListItem","position":2,"name":"À propos"}]},{"@type":"WebSite","@id":"https://www.cyrildosnon.com/#website","url":"https://www.cyrildosnon.com/","name":"","description":"","potentialAction":[{"@type":"SearchAction","target":{"@type":"EntryPoint","urlTemplate":"https://www.cyrildosnon.com/?s={search_term_string}"},"query-input":"required name=search_term_string"}],"inLanguage":"fr-FR"}]}</script>
<!-- / Yoast SEO plugin. -->

Présentation de Cyril Dosnon, graphiste et illustrateur français.
